 the greatest common factor of 239332 and 32.
4
Calculate the greatest common factor of 2588 and 712.
4
Calculate the greatest common factor of 5889 and 492.
3
Calculate the greatest common factor of 57436 and 1577.
83
Calculate the greatest common divisor of 132793 and 8633.
97
What is the highest common factor of 204 and 60333?
51
Calculate the greatest common divisor of 340608 and 192.
192
What is the greatest common divisor of 55 and 5137?
11
What is the highest common divisor of 93170 and 210?
70
Calculate the greatest common divisor of 206982 and 36.
18
What is the highest common divisor of 23692 and 4?
4
Calculate the highest common divisor of 587704 and 104.
104
What is the greatest common factor of 58919 and 2128?
133
What is the highest common factor of 23994 and 738?
18
Calculate the highest common divisor of 534703 and 117.
13
Calculate the greatest common factor of 208544 and 1216.
608
Calculate the highest common factor of 117 and 9516.
39
Calculate the highest common factor of 2059428 and 84.
84
What is the greatest common factor of 217624 and 1496?
88
What is the highest common factor of 53280 and 180?
180
Calculate the highest common factor of 179186 and 28.
14
Calculate the highest common divisor of 404745 and 88.
11
What is the highest common factor of 1677354 and 42?
42
What is the highest common factor of 544 and 3791?
17
What is the greatest common factor of 23585 and 10?
5
Calculate the greatest common factor of 144642 and 30.
6
What is the greatest common factor of 272 and 30352?
16
Calculate the highest common factor of 372 and 53816.
124
What is the greatest common factor of 82146 and 12?
6
What is the highest common factor of 510 and 23430?
30
What is the highest common divisor of 1289 and 3226367?
1289
Calculate the highest common factor of 2229 and 75.
3
What is the highest common divisor of 45415 and 21545?
155
What is the greatest common divisor of 8535 and 150?
15
Calculate the greatest common divisor of 58135 and 1925.
385
Calculate the highest common divisor of 64 and 847936.
64
What is the greatest common factor of 42016 and 5050?
202
What is the highest common divisor of 266 and 70889?
133
What is the greatest common factor of 547400 and 161?
161
What is the highest common factor of 254 and 941959?
127
Calculate the highest common divisor of 5150 and 10609.
103
Calculate the greatest common divisor of 296 and 1908719.
37
Calculate the greatest common factor of 327 and 19511.
109
What is the highest common factor of 48 and 15256?
8
What is the highest common factor of 1793714 and 13?
13
Calculate the greatest common factor of 54179 and 544.
17
What is the highest common divisor of 1276513 and 1071?
119
Calculate the highest common factor of 4382 and 182.
14
What is the highest common divisor of 856 and 148516?
428
What is the highest common factor of 175529 and 955?
191
What is the highest common divisor of 433 and 3502537?
433
What is the highest common divisor of 448 and 24?
8
Calculate the greatest common divisor of 35 and 13435.
5
Calculate the greatest common factor of 71193 and 95.
19
Calculate the greatest common factor of 27 and 19998387.
27
What is the highest common divisor of 2288 and 27032?
8
Calculate the highest common factor of 36 and 36153.
9
What is the highest common factor of 23775 and 675?
75
Calculate the highest common factor of 368 and 532.
4
What is the greatest common factor of 70 and 368711?
7
Calculate the highest common divisor of 339363 and 18.
9
What is the greatest common divisor of 1125 and 3925?
25
Calculate the greatest common divisor of 241670 and 110.
110
What is the greatest common divisor of 28497 and 420?
21
What is the greatest common divisor of 194973 and 68?
17
Calculate the highest common divisor of 17 and 670922.
17
Calculate the highest common factor of 929145 and 105.
105
Calculate the highest common divisor of 2772 and 417978.
198
Calculate the highest common factor of 80 and 1183820.
20
What is the highest common factor of 1738154 and 82?
82
Calculate the greatest common divisor of 262 and 20.
2
What is the highest common factor of 1485 and 405?
135
What is the highest common divisor of 82401 and 55?
11
What is the greatest common divisor of 40719 and 2493?
831
Calculate the greatest common factor of 260 and 198510.
130
What is the greatest common divisor of 23944 and 9266?
82
Calculate the greatest common divisor of 2783776 and 32.
32
What is the highest common factor of 2044 and 4221?
7
Calculate the highest common divisor of 72326 and 86.
86
What is the greatest common factor of 12591 and 18?
9
Calculate the highest common factor of 967609 and 509.
509
What is the greatest common divisor of 957 and 2904?
33
Calculate the highest common divisor of 9794 and 59.
59
Calculate the greatest common factor of 98 and 20433.
49
Calculate the highest common factor of 3250 and 391690.
130
Calculate the greatest common divisor of 2340 and 9585.
45
What is the greatest common divisor of 133650 and 3025?
275
Calculate the greatest common divisor of 1037279 and 59.
59
Calculate the greatest common divisor of 43320 and 60420.
1140
Calculate the highest common factor of 232878 and 888.
222
Calculate the highest common factor of 130 and 210240.
10
Calculate the greatest common factor of 901142 and 154.
22
What is the greatest common factor of 18447 and 22231?
473
Calculate the greatest common divisor of 312 and 223106.
26
Calculate the highest common divisor of 2848 and 711288.
712
Calculate the highest common factor of 1008164 and 103.
103
What is the highest common factor of 18 and 227988?
18
What is the greatest common divisor of 374240 and 240?
80
What is the highest common divisor of 67935 and 15435?
105
Calculate the highest common divisor of 1154217 and 177.
177
Calculate the highest common factor of 3616 and 10496.
32
Calculate the highest common divisor of 462 and 21637.
77
Calculate the highest common factor of 177 and 5079.
3
What is the greatest common factor of 970 and 28518?
194
What is the greatest common factor of 8948 and 10?
2
Calculate the highest common divisor of 832 and 9620.
52
What is the greatest common divisor of 60 and 299316?
12
Calculate the greatest common factor of 133743 and 327.
327
What is the highest common factor of 174 and 104023?
29
What is the greatest common divisor of 31392 and 256?
32
What is the greatest common factor of 2871 and 573?
3
What is the greatest common divisor of 123 and 142147?
41
Calculate the greatest common divisor of 140 and 3388.
28
Calculate the greatest common divisor of 19 and 363489.
19
What is the highest common factor of 146865 and 10?
5
Calculate the highest common factor of 4446 and 156.
78
Calculate the greatest common factor of 1496 and 183480.
88
What is the highest common divisor of 195750 and 59450?
1450
What is the greatest common factor of 23031 and 81?
27
What is the greatest common factor of 648 and 298?
2
Calculate the highest common factor of 4220 and 7520.
20
Calculate the highest common factor of 36 and 56547.
9
Calculate the greatest common factor of 568616 and 101813.
1921
Calculate the highest common factor of 3872 and 512.
32
What is the highest common divisor of 2365 and 2090?
55
What is the highest common divisor of 3430 and 1750?
70
Calculate the greatest common factor of 9920 and 50220.
620
What is the greatest common factor of 105 and 537?
3
Calculate the greatest common factor of 6534 and 25652.
242
What is the greatest common divisor of 95793 and 222?
111
Calculate the highest common divisor of 305 and 59170.
305
Calculate the greatest common divisor of 8041 and 630122.
731
Calculate the greatest common divisor of 2691 and 4968.
207
What is the highest common divisor of 2336 and 211700?
292
Calculate the greatest common factor of 64 and 229824.
64
Calculate the highest common factor of 16 and 330708.
4
What is the highest common factor of 468480 and 280?
40
What is the greatest common factor of 888 and 856?
8
What is the greatest common divisor of 48 and 42960?
48
What is the highest common divisor of 460 and 1403?
23
Calculate the greatest common factor of 10171 and 224.
7
What is the greatest common factor of 125 and 393275?
25
Calculate the greatest common factor of 1082 and 590